the prime factors of 1/g - (-1025)/15.
2, 17
List the prime factors of (-5 - -3)*3*(-2045)/30.
409
Suppose 15*c = 12*c + 6. List the prime factors of (2 + 1 - 2)*122/c.
61
Let r be 32*(-3)/(-18)*3. Let p = r - 74. List the prime factors of (p/8)/(3/(-12)).
29
Let u(q) = -q**3 - 4*q**2 + 2*q - 10. What are the prime factors of u(-6)?
2, 5
Suppose -6*k - 6 = -7*k. Suppose k = 4*g - g. Suppose g*t - 31 = -13. What are the prime factors of t?
3
Suppose -12*n + 19 = -11*n. Let z be ((-15)/(-10))/(1/4). Let x = n + z. What are the prime factors of x?
5
Suppose -a + 9*a - 472 = 0. What are the prime factors of a?
59
Let r(z) = -494*z. Let a be r(1). List the prime factors of a/(-14)*1 + (-2)/7.
5, 7
Suppose -3*w - 20 = -8*w. Suppose 0 = d - 1, -3*d - d = -y - w. Suppose y = 5*a - 81 - 59. List the prime factors of a.
2, 7
Suppose -2*c = -25 - 47. Suppose c = 6*q - 168. What are the prime factors of q?
2, 17
Suppose 4*f + 3*f + 84 = 0. Let y(w) = w + 14. Let s be y(f). Suppose -4*u = -s*u - 78. List the prime factors of u.
3, 13
Suppose u = -0*u - 11. Let c = -7 - u. Suppose -i + c = -3. What are the prime factors of i?
7
Suppose 2*s + 4*s = 24. Suppose 0*j - 5*j = -10. Suppose s*d - 163 = k, j*d - 4*d + 3*k = -89. List the prime factors of d.
2, 5
Let h(c) = -2*c**3 + c**2 + 7*c. Let p be h(-3). Let n = p + 38. What are the prime factors of n?
2, 5
Suppose -7*d + 1498 = -2282. List the prime factors of d.
2, 3, 5
Let i(n) = -n**3 + 8*n**2 + 2*n - 14. Let g be i(8). Suppose 10*y - g*y - 248 = 0. List the prime factors of y.
31
Let u(q) = q**2 - 7*q - 2. Let h(z) = -z**2 + 6*z + 3. Let b(d) = -6*h(d) - 5*u(d). Let m be b(4). Suppose m*l = -0*l + 100. List the prime factors of l.
5
Let h be (-3 - (-119)/35)/((-1)/(-5)). Let c = h + 76. List the prime factors of c.
2, 3, 13
Let a = 801 - -290. What are the prime factors of a?
1091
Suppose -102 = -2*j + 40. Let m = j + 34. What are the prime factors of m?
3, 5, 7
Suppose 0 = 5*v + 4*h + 2267 - 10209, -4*v - 4*h + 6352 = 0. List the prime factors of v.
2, 3, 5, 53
Let p(q) = 2*q**3 - 8*q**2 - 2*q - 5. What are the prime factors of p(8)?
491
Let o(q) = 2*q**2 + 5*q + 2. Let s be o(-3). Let v(z) = -158*z - 6. Let f be v(s). List the prime factors of 30/(-135) - f/18.
2, 11
Let g be (-2 - -4) + (-29)/(-1). What are the prime factors of g + (11 + -3)/2?
5, 7
What are the prime factors of 3 + -10 + 3196 + -5 - -5?
3, 1063
Let n = 143 + -51. Let h(w) = w**3 + 13*w**2 + 2*w + 22. Let y be h(-13). What are the prime factors of n/2*y/(-8)?
23
Let t be (10/4)/(2/(-100)). Let n = t - -195. What are the prime factors of n?
2, 5, 7
Let x(f) = -5*f**2 + 35*f + 11. Suppose 37 - 9 = 4*q. Let b(r) = -3*r**2 + 18*r + 6. Let y(s) = q*b(s) - 4*x(s). List the prime factors of y(-11).
31
Suppose 0 = -b + 97 - 7. Suppose -102 = -2*c + 3*v, 3*c - 3*v + b = 5*c. Suppose 2*s - c = -0*s. What are the prime factors of s?
2, 3
List the prime factors of 42536/72 - (-4)/18.
3, 197
What are the prime factors of (-12 - -168) + -4 + 7?
3, 53
Let d(l) = -37*l**2 - l. Let b be d(-1). Let c = b - -51. Let n = -12 + c. What are the prime factors of n?
3
List the prime factors of (15/(405/(-18)))/((-4)/14766).
23, 107
Let m be (((-10)/3)/(-1))/(4/12). List the prime factors of (-585)/(-26)*36/m.
3
Let x(g) = 8 - 97*g + 138*g + 245*g. List the prime factors of x(1).
2, 3, 7
Let u = -1663 - -3717. List the prime factors of u.
2, 13, 79
Suppose 5*f - 21 = 4*j, -2*f + 0*f = 3*j - 13. Suppose 2*y - f = -3, 4*w - 5*y = 15. List the prime factors of w.
5
Suppose -k + 105 = -4*k. Let o = -24 - k. What are the prime factors of o?
11
Let b = -205 + 289. What are the prime factors of b?
2, 3, 7
Let l(t) = -t**3 - 8*t**2 - 14*t - 15. Let h be l(-6). What are the prime factors of -1*(-6)/4*(-212)/h?
2, 53
Let s(w) = -4*w**3 - 4*w**2 - 3*w + 1. Suppose 3 = -2*y - 3. Let h(r) = -r**3 + r**2 + r. Let q(m) = y*h(m) + s(m). List the prime factors of q(-7).
43
Suppose 4*l = -2*m - 12, -m - 8 - 4 = -4*l. List the prime factors of (2 - 4)*(m + 1).
2, 7
Suppose -75 = -3*o + 117. List the prime factors of o.
2
Let z(l) = l + 1. Suppose 4*u + 5*d - 2*d = -35, 40 = -5*u - 3*d. Let p(w) = w**2 - 5*w - 35. Let q(r) = u*z(r) - p(r). List the prime factors of q(0).
2, 3, 5
Let z(r) = 55*r + 1. Let c = -3 - -7. Suppose -2*q + 11 = -c*v + q, -v + 26 = 5*q. What are the prime factors of z(v)?
2, 7
Let z = -34 + -31. Let g = 476 - 482. List the prime factors of (g - -1)*364/z.
2, 7
Let s = -232 + 158. Let x = -19 - s. List the prime factors of x.
5, 11
Let h(b) be the second derivative of b**4/12 - 13*b**3/6 + 11*b**2/2 - 26*b. Let u(r) = -r**2 + 7*r + 4. Let d be u(5). List the prime factors of h(d).
5
Let g be 2/(-14) + (-780)/(-70). Suppose -4*p + 5*j - j = -20, p + 2*j = g. List the prime factors of p.
7
Let g(l) = -l**3 + 8*l**2 - 2*l - 1. Let s be 0 + 2 - (-16)/4. Let i be g(s). Let u = i + -19. What are the prime factors of u?
2, 5
Suppose 3 - 4 = 2*z - q, -5*q + 15 = 0. What are the prime factors of (z - -5)/(1/((-46)/(-3)))?
2, 23
Let x(v) = v - 6. Let y be x(9). Suppose d = -4*n + 2, 0 = -y*d + 2*d - 2*n + 8. Let c(h) = 4*h - 2. What are the prime factors of c(d)?
2, 3
Let i = 942 + -125. List the prime factors of i.
19, 43
Let c = -285 - -281. Let h be 471/(-15) + 2/5. Let a = c - h. What are the prime factors of a?
3
Suppose -10*p + 38 = 8. Suppose 0 = p*f - 9*f + 492. What are the prime factors of f?
2, 41
Let f be (-6)/((-6)/7) - 2. Suppose -5 = -2*d + f. Suppose -3*u - 3*x = -21, 12 = 3*u + d*x - 1. What are the prime factors of u?
11
Let c(g) = g**2 + 4*g + 13. Let u be c(0). Suppose u - 31 = -3*w. What are the prime factors of w?
2, 3
Suppose 0 = -12*c + 7089 + 11919. List the prime factors of c.
2, 3, 11
Suppose 19*a - 5*a = 34594. List the prime factors of a.
7, 353
Let w(z) = z**2 - 2*z + 3. Let l be w(2). Suppose -84 = 3*m - 4*m + 4*v, 0 = l*m - 5*v - 273. List the prime factors of m/10 - (-2)/5.
2, 5
Let k be ((54/15)/3)/(6/20). Suppose 98 = -4*w + 9*w + 4*x, 3*w - 78 = k*x. List the prime factors of w.
2, 11
Let m(q) = -113*q - 22. Let l be m(-10). Suppose -3*o + l = 2*o - c, 0 = 5*c - 10. What are the prime factors of o?
2, 3, 37
Let v(d) be the first derivative of -d**4/4 + 16*d**3/3 - 13*d**2/2 + 11*d - 19. List the prime factors of v(15).
41
Let c(l) be the third derivative of l**4/24 - 83*l**3/6 + 10*l**2. Let u be c(0). Let b = -24 - u. List the prime factors of b.
59
Let f(k) = -k**3 - k**2 + 6*k + 1. Let a be f(-4). Suppose -4*x - a = 4*t + 95, x = t + 28. Let d = -11 - t. List the prime factors of d.
2, 3
Let q = -129 - -90. Suppose 8*i - 1050 = -7*i. Let v = i + q. List the prime factors of v.
31
List the prime factors of ((-957)/44)/((-27)/5688).
2, 29, 79
Suppose -6*r - 40 = -r. Let b(h) = -13*h - 5. Let a be b(r). Let n = a - 40. What are the prime factors of n?
59
Let u = 6184 - 3420. Let p be (-4)/14 - u/28. What are the prime factors of (p - 3)*(-1)/3?
2, 17
Suppose 3*w - 9038 = -5*l, -15*w + 13*w - 8 = 0. What are the prime factors of l?
2, 5, 181
Let c(m) = m**3 - 44*m**2 - 90*m - 70. Let w be c(46). Let h(i) = i**2 + 2*i + 1. Let v be h(-1). Suppose a = w - v. What are the prime factors of a?
2, 11
Suppose 3*s - 3*b - 27 = 0, 3*s - 5*b - 31 = -2. Let x be (-255)/3*2/(-10). Let f = x - s. What are the prime factors of f?
3
Suppose -5*a = 3*f - 16901, 53*f - 54*f - a = -5633. What are the prime factors of f?
2, 11
Let k(b) = 11*b - 2. Let s be k(2). Suppose 5*h = s*h - 2760. List the prime factors of h.
2, 23
Let r be 9/54 - (-1522)/12. Let q = r - 9. What are the prime factors of q?
2, 59
Let d = 230 - 116. Suppose -171 = -3*r - p, -r - r - 3*p + d = 0. List the prime factors of r.
3, 19
Let l(x) be the first derivative of 4*x**3/3 - x**2/2 - 3*x - 1. Suppose -5*z - 16 = 3*g, -4*g = -5*z - 0*z - 2. What are the prime factors of l(z)?
3, 5
Suppose -z - 10 = -3*z - 3*k, 3*z + 5*k = 16. Suppose 0 = 3*h - 5*t - 32, -z*h = -4*h + 2*t + 16. Suppose -2*y = -h*y + 8. What are the prime factors of y?
2
Let r(a) = -a - 5*a + 7 - 2 + 5*a. Let f be r(3). Suppose 0 = f*n - 40 + 2. List the prime factors of n.
19
Let r(z) = -3*z + 50. Let y be r(16). Suppose -7*a - y*a = -261. What are the prime factors of a?
29
Let v(h) = 22*h - 2. Let s be v(1